rs of 3885.
3, 5, 7, 37
What are the prime factors of 941?
941
What are the prime factors of 842?
2, 421
What are the prime factors of 11741?
59, 199
List the prime factors of 11667.
3, 3889
What are the prime factors of 495?
3, 5, 11
What are the prime factors of 1812?
2, 3, 151
List the prime factors of 40089.
3, 7, 23, 83
What are the prime factors of 92?
2, 23
List the prime factors of 12567.
3, 59, 71
What are the prime factors of 170?
2, 5, 17
What are the prime factors of 1269?
3, 47
What are the prime factors of 8632?
2, 13, 83
List the prime factors of 18848.
2, 19, 31
List the prime factors of 38185.
5, 7, 1091
What are the prime factors of 5328?
2, 3, 37
List the prime factors of 96196.
2, 24049
What are the prime factors of 2763?
3, 307
List the prime factors of 3000.
2, 3, 5
List the prime factors of 621.
3, 23
What are the prime factors of 34824?
2, 3, 1451
List the prime factors of 2413.
19, 127
List the prime factors of 1668.
2, 3, 139
What are the prime factors of 1845?
3, 5, 41
List the prime factors of 27925.
5, 1117
List the prime factors of 1503.
3, 167
List the prime factors of 198909.
3, 53, 139
What are the prime factors of 15637?
19, 823
List the prime factors of 874.
2, 19, 23
List the prime factors of 1005.
3, 5, 67
List the prime factors of 2112.
2, 3, 11
What are the prime factors of 137772?
2, 3, 43, 89
List the prime factors of 2814.
2, 3, 7, 67
List the prime factors of 43780.
2, 5, 11, 199
What are the prime factors of 2302?
2, 1151
List the prime factors of 34463.
11, 13, 241
What are the prime factors of 14551?
14551
What are the prime factors of 19789?
7, 11, 257
List the prime factors of 3557.
3557
What are the prime factors of 1196?
2, 13, 23
List the prime factors of 3204.
2, 3, 89
List the prime factors of 999.
3, 37
What are the prime factors of 5831?
7, 17
What are the prime factors of 3641?
11, 331
What are the prime factors of 1114?
2, 557
List the prime factors of 61897.
11, 17, 331
List the prime factors of 6603.
3, 31, 71
List the prime factors of 1334.
2, 23, 29
What are the prime factors of 1124?
2, 281
What are the prime factors of 57472?
2, 449
List the prime factors of 1865.
5, 373
List the prime factors of 2740.
2, 5, 137
What are the prime factors of 76107?
3, 23, 1103
What are the prime factors of 5461?
43, 127
What are the prime factors of 4643?
4643
List the prime factors of 701.
701
List the prime factors of 2652.
2, 3, 13, 17
What are the prime factors of 120414?
2, 3, 7, 47, 61
What are the prime factors of 33860?
2, 5, 1693
List the prime factors of 23852.
2, 67, 89
What are the prime factors of 38743?
17, 43, 53
What are the prime factors of 24600?
2, 3, 5, 41
What are the prime factors of 784?
2, 7
List the prime factors of 1316.
2, 7, 47
What are the prime factors of 83909?
7, 11987
List the prime factors of 113.
113
What are the prime factors of 1283?
1283
List the prime factors of 8.
2
What are the prime factors of 14529?
3, 29, 167
List the prime factors of 1929.
3, 643
List the prime factors of 16342.
2, 8171
List the prime factors of 1387.
19, 73
List the prime factors of 14110.
2, 5, 17, 83
What are the prime factors of 10450?
2, 5, 11, 19
List the prime factors of 2725.
5, 109
List the prime factors of 569.
569
List the prime factors of 4837.
7, 691
List the prime factors of 930.
2, 3, 5, 31
What are the prime factors of 924?
2, 3, 7, 11
What are the prime factors of 2855?
5, 571
List the prime factors of 693.
3, 7, 11
What are the prime factors of 13856?
2, 433
What are the prime factors of 4648?
2, 7, 83
What are the prime factors of 8663?
8663
What are the prime factors of 2037?
3, 7, 97
List the prime factors of 4744.
2, 593
List the prime factors of 38924.
2, 37, 263
What are the prime factors of 2284?
2, 571
List the prime factors of 11335.
5, 2267
What are the prime factors of 58?
2, 29
List the prime factors of 586.
2, 293
What are the prime factors of 7359?
3, 11, 223
What are the prime factors of 7458?
2, 3, 11, 113
What are the prime factors of 2220?
2, 3, 5, 37
What are the prime factors of 96034?
2, 48017
List the prime factors of 1312.
2, 41
What are the prime factors of 2652?
2, 3, 13, 17
What are the prime factors of 291?
3, 97
What are the prime factors of 79?
79
List the prime factors of 1963.
13, 151
List the prime factors of 13666.
2, 6833
List the prime factors of 161834.
2, 80917
List the prime factors of 43635.
3, 5, 2909
List the prime factors of 38109.
3, 12703
List the prime factors of 101894.
2, 13, 3919
List the prime factors of 20138.
2, 10069
What are the prime factors of 15719?
11, 1429
List the prime factors of 1050.
2, 3, 5, 7
What are the prime factors of 1179?
3, 131
What are the prime factors of 15424?
2, 241
List the prime factors of 8133.
3, 2711
List the prime factors of 15643.
15643
List the prime factors of 6207.
3, 2069
List the prime factors of 251.
251
What are the prime factors of 37527?
3, 7, 1787
List the prime factors of 4010.
2, 5, 401
List the prime factors of 4041.
3, 449
What are the prime factors of 644?
2, 7, 23
What are the prime factors of 10862?
2, 5431
What are the prime factors of 30164?
2, 7541
What are the prime factors of 87336?
2, 3, 1213
List the prime factors of 79210.
2, 5, 89
What are the prime factors of 9429?
3, 7, 449
What are the prime factors of 46476?
2, 3, 1291
What are the prime factors of 53?
53
List the prime factors of 6996.
2, 3, 11, 53
What are the prime factors of 11040?
2, 3, 5, 23
List the prime factors of 2695.
5, 7, 11
What are the prime factors of 2298?
2, 3, 383
What are the prime factors of 782?
2, 17, 23
List the prime factors of 5357.
11, 487
List the prime factors of 62918.
2, 163, 193
List the prime factors of 58840.
2, 5, 1471
List the prime factors of 2256.
2, 3, 47
List the prime factors of 16520.
2, 5, 7, 59
What are the prime factors of 31411?
101, 311
List the prime factors of 13883.
13883
List the prime factors of 535.
5, 107
List the prime factors of 38.
2, 19
List the prime factors of 3112.
2, 389
What are the prime factors of 5290?
2, 5, 23
List the prime factors of 47679.
3, 23, 691
List the prime factors of 1543.
1543
List the prime factors of 68301.
3, 7589
What are the prime factors of 57606?
2, 3, 9601
What are the prime factors of 4571?
7, 653
List the prime factors of 99659.
7, 23, 619
What are the prime factors of 6652?
2, 1663
List the prime factors of 476.
2, 7, 17
List the prime factors of 1627.
1627
List the prime factors of 5451.
3, 23, 79
List the prime factors of 11849.
17, 41
What are the prime factors of 144268?
2, 36067
List the prime factors of 1347.
3, 449
List the prime factors of 5055.
3, 5, 337
List the prime factors of 23672.
2, 11, 269
What are the prime factors of 96070?
2, 5, 13, 739
What are the prime factors of 4921?
7, 19, 37
List the prime factors of 901.
17, 53
What are the prime factors of 12301?
12301
List the prime factors of 115539.
3, 19, 2027
List the prime factors of 15766.
2, 7883
What are the prime factors of 24758?
2, 12379
What are the prime factors of 8642?
2, 29, 149
What are the prime factors of 32531?
32531
What are the prime factors of 1410?
2, 3, 5, 47
List the prime factors of 427.
7, 61
List the prime factors of 2011.
2011
What are the prime factors of 2502?
2, 3, 139
What are the prime factors of 2858?
2, 1429
List the prime factors of 16980.
2, 3, 5, 283
List the prime factors of 7874.
2, 31, 127
What are the prime factors of 1563?
3, 521
List the prime factors of 11734.
2, 5867
List the prime factors of 805.
5, 7, 23
List the prime factors of 31218.
2, 3, 11, 43
List the prime factors of 2225.
5, 89
List the prime factors of 931.
7, 19
What are the prime factors of 6480?
2, 3, 5
List the prime factors of 169678.
2, 43, 1973
What are the prime factors of 2059?
29, 71
What are the prime factors of 21990?
2, 3, 5, 733
List the prime factors of 5522.
2, 11, 251
List the prime factors of 3540.
2, 3, 5, 59
What are the prime factors of 126537?
3, 42179
What are the prime factors of 45478?
2, 22739
List the prime factors of 5718.
2, 3, 953
What are the prime factors of 6056?
2, 757
List the prime factors of 14055.
3, 5, 937
List the prime factors of 5001.
3, 1667
List the prime factors of 20938.
2, 19, 29
What are the prim